 are the prime factors of v(a)?
3, 7
Let p be ((-3)/(-2))/(3/32). Let q = 24 - p. List the prime factors of q.
2
List the prime factors of (-3 + (-8)/3)/((-5)/300).
2, 5, 17
Let c(k) = -k**2 - 10*k + 9. Suppose -13 + 53 = -4*z. What are the prime factors of c(z)?
3
Let i(y) = y**3 + 10*y**2 - 10*y - 14. What are the prime factors of i(-10)?
2, 43
Let b(d) = -d**3 + 7*d**2 - 5*d - 4. Let k be b(6). Suppose k*i - 18 = -i. Suppose -4*y - 3*h + 55 = 0, -21 + i = -3*h. What are the prime factors of y?
2, 5
Let y = 23 - -30. List the prime factors of y.
53
Let c(m) = 81*m**2. What are the prime factors of c(-1)?
3
Suppose k + 4*k + 30 = 0. What are the prime factors of (-39)/k - 6/4?
5
Let s = -20 - -43. Let t = s - 41. List the prime factors of 64/6 - 6/t.
11
Let i be ((-18)/15)/(3/(-10)). Let k = 0 + i. Suppose -k*a + 1 = -b - 3*a, 5*a = -4*b + 32. List the prime factors of b.
3
Suppose 0*p - 4 = 3*p - 2*q, -q + 2 = -4*p. Let z = p - -18. List the prime factors of z.
2, 3
List the prime factors of (-1)/6 + (-2135)/(-90)*3.
71
Suppose -5*r + 287 = 3*h, 3*h + 2*h = 20. What are the prime factors of r?
5, 11
Let z(d) = -3*d - 4. Let s be z(-5). Let v = 9 - s. List the prime factors of (-111)/(-6) + 1/v.
2, 3
Suppose p + 4 = 5*p. Let k(g) = g**3 + g**2. Let z(s) = 3*s**3 + 6*s**2 - 2*s. Let y(x) = p*z(x) - 2*k(x). What are the prime factors of y(-4)?
2
Suppose 3*c + 5*f - 14 = 4*f, 0 = -3*c - 4*f + 11. Suppose -3*t - c*a = -81, 3*t - 2*a = 5*t - 50. What are the prime factors of t?
2, 11
Let a(z) = -z**2 + 3*z. Let i be a(5). Let k(d) = -d + 3. Let f be k(-6). Let y = f - i. List the prime factors of y.
19
Suppose 0 = 4*r + 2*l - 6*l + 60, 4*r + 3*l = -60. Let p = -10 - r. List the prime factors of p.
5
Let v(b) = 3*b**3 - 3*b**2 + b - 3. List the prime factors of v(3).
2, 3
Let a = 69 + 18. Let i = a + -33. List the prime factors of i.
2, 3
Suppose -12 = -2*n + 28. Let o = -16 + n. What are the prime factors of o?
2
Suppose u + 3 = -4*t, 3*u + 7 - 26 = 2*t. Suppose 4*g = -3*z + 149 + 72, z = -u. What are the prime factors of g?
59
Suppose -g - 96 = -5*g. Suppose -g = -d + 34. Suppose 0*b + 4*b - 5*q - d = 0, 5*b = q + 62. What are the prime factors of b?
2, 3
Let z = 69 + -20. What are the prime factors of z?
7
Let s(b) = b - 2. Let o be s(7). Let k = o + -3. List the prime factors of k.
2
Let v(y) = -18*y - 5. List the prime factors of v(-2).
31
Let m be 2 + 2 + (-18)/(-2). Let h = m - 26. Let v = -6 - h. What are the prime factors of v?
7
Let u(g) = -g**3 + 9*g**2 - 4*g - 2. What are the prime factors of u(8)?
2, 3, 5
Let d = -2 - -8. Suppose 0*f + 2*f + 5*r - 14 = 0, -4*f + r = -d. List the prime factors of 10/5 + 5*f.
2, 3
Suppose 24 = l - 6. What are the prime factors of (-6)/(-1)*10/l?
2
Let c(d) = -d**2 + 7*d + 392. What are the prime factors of c(0)?
2, 7
Let d = 32 - 28. Let n(m) = m + 7. Let w be n(-5). Suppose w*i - d*p = 38, -2*p = -5*i - 4*p + 83. List the prime factors of i.
17
Suppose -5*p = 2*s + 43, 3*s = -0*s - 12. Let t(u) = -2*u**2 - 11*u - 8. Let f be t(p). Let q = 40 + f. List the prime factors of q.
11
What are the prime factors of (-1713)/(-7) + (-14)/(-49)?
5, 7
Let v = 9 + -3. Let s be (-4)/(-9)*6*v. Suppose -5*q + s = -q. List the prime factors of q.
2
Let z be (-33)/(-2) + (-6)/4. Let w be 0/(2/(-1 + 3)). Suppose c - z = -w*c. What are the prime factors of c?
3, 5
Suppose -2*u = u. Let t = 3 + u. Let y(q) = -q**3 + 3*q**2 + 5*q - 2. What are the prime factors of y(t)?
13
Let u(i) = 16*i + 1. Let l = 7 - 6. List the prime factors of u(l).
17
Let f(q) = 3*q - 13. Suppose 4*k - 32 = -4*z, -2*k - 4*z = -3*z - 17. What are the prime factors of f(k)?
2, 7
Suppose 0 = -2*p + p + 4, 0 = 3*f - 4*p - 20. Let l = f - 0. Suppose -j + 4*j = 3*q - 18, -3*q + 5*j + l = 0. List the prime factors of q.
3
Let f be (-1161)/(-12) + 4/16. Suppose -s = -3*h + 111, -3*h + f = 3*s - 14. What are the prime factors of h?
37
Suppose 10*l - 5*l = 75. What are the prime factors of l?
3, 5
Suppose f - 29 = -12. Suppose f = 3*w - 4. What are the prime factors of w?
7
Suppose -76 = -9*i + 410. What are the prime factors of i?
2, 3
Suppose 2*g + 5*d - 9 - 7 = 0, 3*g - 74 = 5*d. List the prime factors of g.
2, 3
List the prime factors of -1 - (3243/(-24) - (-6)/48).
2, 67
Suppose -4*j + 6*j + 3*n - 323 = 0, -10 = -2*n. What are the prime factors of j?
2, 7, 11
Suppose -2*s = -7*s + 505. Let f = s + -53. What are the prime factors of f?
2, 3
Let g = -39 - -78. What are the prime factors of g?
3, 13
Let m = -2 - -4. Let x(l) = 2*l**3 + l**2 - 3*l + 1. Let i be x(m). Let o = 33 - i. List the prime factors of o.
2, 3
List the prime factors of (-5)/(-2)*244*(-5)/(-10).
5, 61
Let w(c) = c**2 + 7*c + 5. Let r be w(-4). List the prime factors of (-2)/r - (-57)/21.
3
Let r be (-15)/(-9) + 1/3. What are the prime factors of (-4)/r - (-19 + 4)?
13
List the prime factors of (25 - 15)/((-1)/(-4)).
2, 5
Suppose 30 = 5*t - 7*t. Let s = -18 - -8. What are the prime factors of t/6*36/s?
3
Let s(p) = 0*p**2 + 4*p + 0 - 3 + 2*p**2. Let u be 6/(-27) + (-204)/54. List the prime factors of s(u).
13
Let k = -5 + 0. Let x(t) be the third derivative of -t**5/60 - t**4/6 + 7*t**3/6 + 4*t**2. What are the prime factors of x(k)?
2
Suppose -2*z = 2*r - 7*r + 190, 3*r + 4*z = 88. Let u = 58 - r. What are the prime factors of u?
2, 11
Suppose -o = -0 - 6. Suppose -y + o = -0. Suppose 3*k + 2*k - 2*h = y, 3*k - 3*h = 0. What are the prime factors of k?
2
Let r = 8 - 6. Suppose 5*g + 6*l - 67 = 2*l, -r*l = -6. What are the prime factors of g?
11
Let a(z) = -z + 20. Let s be (-1)/(-3) + 120/(-9). Let i = s + 23. List the prime factors of a(i).
2, 5
Let p be (-10)/(-3) - 8/(-12). Suppose -p*c + 53 = -19. List the prime factors of c.
2, 3
What are the prime factors of 1/((4 + 0)/28)?
7
Suppose -12 = 5*a - 9*a. Suppose 89 = a*s + 5. Let f = s + -14. List the prime factors of f.
2, 7
Suppose -3*l + 5*y + 260 = 2*l, 0 = 3*y. What are the prime factors of l?
2, 13
Let q(g) = g + 1. Let h(n) = n**2 - 5*n. Let o(c) = -h(c) + 3*q(c). List the prime factors of o(5).
2, 3
List the prime factors of 33 + 6 + (0 - -2).
41
List the prime factors of 4/8*(-186)/((-6)/2).
31
Let x(p) = -p**2 - p - 7. Let i be x(0). Let l = i + 13. Let j(b) = -b**3 + 6*b**2 + 7. What are the prime factors of j(l)?
7
Suppose 0 = -y - 4*y - 30. Let p = y + 7. List the prime factors of 27/(-6)*(p - 5).
2, 3
Let x(y) = -y**2 + 8*y. Let j be x(9). Let c(a) = 6*a - 6. Let t be c(5). Let s = t + j. What are the prime factors of s?
3, 5
Let y(w) = -w**2 - 5*w + 8. Let r be y(-6). Suppose r*m = -0*m + 8. Suppose m*n + 48 = 7*n. List the prime factors of n.
2
Let r(t) = -t**2 - 14*t - 16. Suppose 5*h = -3*a + 23, a - 17 = -4*h - 0. Suppose -3*c = -a - 8, -4*c - 32 = 4*s. List the prime factors of r(s).
17
Let p = -82 + 127. Suppose 2*w - p - 9 = 0. What are the prime factors of w?
3
Let o be (3/(-6))/((-1)/(-26)). Let v = 19 + o. List the prime factors of 62/6 + v/9.
11
Let s = -16 - -63. Suppose 0 = -0*d + d - s. List the prime factors of d.
47
Suppose 0 = 3*s - 8*s + 70. What are the prime factors of s?
2, 7
Let m(n) = -n**2 - 9*n + 2. Let a(b) = 2*b**2 + 19*b - 3. Let t(i) = 3*a(i) + 7*m(i). List the prime factors of t(-6).
5
Suppose -3*b + 14 = 2. Suppose 9*p + 25 = b*p, y + p = 6. What are the prime factors of y?
11
Let g(t) = 2*t**2 + 4*t + 3. Let u be g(-2). Suppose -u*n = -2*n - 17. What are the prime factors of n?
17
What are the prime factors of (-2)/(-5) + 1623/5?
5, 13
Let k be -2 - 1*(-1 + -1). Let t(m) = -m + 1. Let v be t(k). What are the prime factors of (v/(-2))/((-1)/12)?
2, 3
Let u be (16/12)/(4/6). List the prime factors of 11 - ((-2)/u - -1).
11
Let g be (-2)/((-4)/18) - 2. Let f = g + -1. List the prime factors of f.
2, 3
Let a = -3 + 20. Suppose 0 = -5*s + a + 33. Let o = s + -4. What are the prime factors of o?
2, 3
Suppose 0*i - 5*i + 20 = 0. Suppose -j + 165 = i*j. List the prime factors of j.
3, 11
Suppose -3*d = d - 224. What are the prime factors of d?
2, 7
Suppose -10 = g - 2*u, 0*g + u - 5 = -3*g. Let c be (-1 + 0)/(g + -1). List the prime factors of 8 - (-5 - -3)*c.
2, 5
Suppose c = -2 + 3. Let f = 2 + c. Suppose v + u = 6, -u + 20 = f*v + u. What are the prime factors of v?
2
Suppose -732 = -5*m -